 by k?
10
Let x(s) = 2*s + 8. Let u be x(-4). Suppose u*c + 10 = 2*c. Let o = 2 + c. What is the remainder when 18 is divided by o?
4
Suppose 2*y - f = 3*y - 21, 2*y + f - 46 = 0. Calculate the remainder when 89 is divided by y.
14
Let i = 10 + -14. Let l be i/18 + (-2790)/(-162). Suppose 2*z - 1 - l = 0. What is the remainder when 32 is divided by z?
5
Suppose 2*c + 13 = 3*c. Let r(l) = l**2 + 7*l - 6. Let p be r(-9). Let i = p - -13. Calculate the remainder when i is divided by c.
12
Let u be 50/8 - (-75)/(-60). Suppose -7*k - 1 = -8*k + 3*n, 89 = 4*k + u*n. Suppose 0 = 4*o - 3*o - 30. Calculate the remainder when o is divided by k.
14
Let t(r) be the third derivative of 3*r**5/20 + r**4/24 + r**3/6 + 8*r**2. Suppose -v - 3 + 4 = 0. What is the remainder when 19 is divided by t(v)?
8
Suppose 333 = 44*b - 591. Let u(x) = x**3 - x**2 - 3*x + 2. Calculate the remainder when u(4) is divided by b.
17
What is the remainder when (-1281)/(-15) + -18*(-13)/390 is divided by 18?
14
Suppose -48 = 4*f + 3*i - 759, 3*i = 4*f - 705. What is the remainder when f is divided by 10?
7
Calculate the remainder when 35 is divided by ((-77)/21 + 1)/(2/(-6)).
3
Suppose g - 76 = -4*y, 2*y = -g - 4*g + 380. What is the remainder when g is divided by 9?
4
What is the remainder when 162 is divided by 2*-7*-9*(-12)/(-24)?
36
Suppose -4*a + 6*a = 248. Calculate the remainder when a is divided by 42.
40
Suppose -94 = -y - 59. What is the remainder when 100 is divided by y?
30
Let s = 156 - 295. Let d(a) = -2*a**3 + 6*a**2 + a + 2. Let i be d(5). Let l = i - s. What is the remainder when l is divided by 16?
14
Suppose 4*b - 4*r - 124 = 0, b + 3*r - 4 = 15. Let d = b - 13. What is the remainder when 29 is divided by d?
14
Let t(z) = z**3 + 6*z**2 + 4*z + 9. Let j be t(-6). Let n = 45 - 20. Calculate the remainder when (-669)/j - (-10)/n is divided by 23.
22
Let n(p) = 2*p**3 + 16*p**2 - p + 28. Suppose 3*r - l - 133 = 0, r - 5*r = l - 182. What is the remainder when n(-7) is divided by r?
43
Suppose 5*r - 273 = -2*z, -5*z - 7 = -27. Suppose 0 = -6*l - 73 + 181. Calculate the remainder when r is divided by l.
17
Let t(j) = -2*j**3 - 2*j**2 + 4*j + 2. Let k = 31 - 43. Calculate the remainder when t(-3) is divided by 270/k*(-6)/9.
11
Calculate the remainder when 0 + (-3 - -1)*-34 is divided by 8732/518 + (-8)/(-21)*3.
14
Let r be ((-5)/(-2)*-1)/((-36)/(-72)). Let c(d) = 5*d**2 + 2*d - 18. What is the remainder when c(r) is divided by 9?
7
Suppose -2*m = 20 - 8. Let u be 436*(21/m - -3). What is the remainder when 83 is divided by 27/36 + u/(-8)?
27
Suppose -8*k + 19 = -29. Let w(o) = -3*o + 26. Calculate the remainder when 54 is divided by w(k).
6
Suppose b - 668 = 5*a, 5*b - 6*a + 3*a - 3384 = 0. Calculate the remainder when b is divided by 40.
38
Suppose -w + 0*w + 2 = 0. Let i = w - -1. Calculate the remainder when 56/(i + 1) + 2 is divided by 9.
7
Suppose -48*g = -38*g - 220. What is the remainder when 38 is divided by g?
16
Suppose 19*z = 99 + 338. Calculate the remainder when 88 is divided by z.
19
Let g = 826 - 698. Calculate the remainder when g is divided by 53.
22
Suppose -3*j - 7 - 20 = 0. Let z(t) = -t**2 - 8*t + 10. Let m be z(j). Suppose -24 = -p + m. What is the remainder when p is divided by 9?
7
Let v = 182 - 162. What is the remainder when 176 is divided by v?
16
Suppose -3*x + 4*c + 196 = 0, 3*c + 131 = x + x. Let r(v) = 15*v - 431. What is the remainder when x is divided by r(30)?
7
Suppose 19*w - 18*w - 20 = 0. Suppose -b - 3*b + 144 = 0. Suppose 0 = -3*u - 3 + b. Calculate the remainder when w is divided by u.
9
Let c = 96 + -48. What is the remainder when 110 is divided by (-90)/27*c/(-10)?
14
Let q = 524 + -488. Calculate the remainder when 53 is divided by q.
17
Let k(i) = -3*i**3 + i**2 + i + 8. What is the remainder when 100 is divided by k(-2)?
32
Let z(s) = 4*s + 40. Let a = 1 - -4. Let p(g) = 4*g - 4. What is the remainder when z(5) is divided by p(a)?
12
Let q(k) be the second derivative of -1/6*k**3 + 2*k**2 + 1/20*k**5 + 3*k + 0 + 1/4*k**4. What is the remainder when 12 is divided by q(-3)?
5
Suppose l - 5 = -3*f, -3*f + 2 = -l + 7. Let r = -62 + 74. Calculate the remainder when r is divided by l.
2
Suppose -4*l = -3*u - 79, -3*l + 54 = -3*u - 9. Calculate the remainder when 123 is divided by l.
11
Let s(f) = 84*f - 406. What is the remainder when s(5) is divided by 10?
4
Let s(b) = 2*b**2 - 8*b + 4. Let n(h) = h**2 + 13*h - 25. Let c be n(-15). Let x be s(c). Let j = -6 + x. Calculate the remainder when 13 is divided by j.
5
Suppose -4*l + p + 60 = 0, 62 = 3*l - 4*p - p. Let s = -137 + 293. Suppose s = 5*d - l. What is the remainder when d is divided by 9?
7
Let q be (1 + 39/(-15))*10/(-4). Suppose 2*b - 122 = -q*z, -2*b = 5 + 5. Calculate the remainder when z is divided by 12.
9
What is the remainder when (38/(-6))/(1/(-3)) + -2 is divided by 2?
1
Let s = 13 - 25. Let b be ((-4)/(-6))/((-8)/s). What is the remainder when 4 is divided by b*1/(-2)*-4?
0
Suppose -28 - 68 = 4*k. What is the remainder when 72/(-10)*80/k is divided by 13?
11
Suppose -67 = -t + 8. Suppose -t + 65 = -m. What is the remainder when 68 is divided by m?
8
Let u = -57 - -99. Suppose 3*w - 2*n - 21 + 4 = 0, 5*n + 30 = 5*w. What is the remainder when u is divided by w?
2
Let h(c) = -c + 19 + 0*c - 7. Suppose 3*a + a = 32. Calculate the remainder when a is divided by h(8).
0
Let n(k) = -k**2 - k + 3. Let m be n(0). Suppose 0*d - 4 = -d. Suppose -5*q = -m*f + 12, 0*q + 2*q - 16 = -d*f. Calculate the remainder when 10 is divided by f.
2
Calculate the remainder when ((-4560)/475)/(3/(-85)) is divided by 100.
72
Suppose a - 46 = -42. Suppose z - 335 = -a*c - c, 5*z = -5*c + 355. Calculate the remainder when c is divided by 18.
12
Let r = 75 - 37. Let y(d) = -9*d - 8 - 7*d**2 - d**3 + 14*d**2 + 2*d**3 - d. Calculate the remainder when r is divided by y(-8).
6
Suppose 8*d - 18 - 214 = 0. Calculate the remainder when d is divided by 12.
5
Let n = -130 - -128. What is the remainder when 3/((-7)/n + -2) is divided by 2?
0
Let a(k) = 2*k**3 - 5*k**2 - 2*k + 4. Let g be a(4). Suppose 0 = -5*n + g - 14. What is the remainder when -1*-3*28/n is divided by 5?
4
Let k(r) = 18*r. Let g be (9 - 7)*2/(-4). Let u be k(g). Let x = 23 + u. Calculate the remainder when x is divided by 3.
2
Let f(r) be the third derivative of r**5/6 - r**3 - 10*r**2. Calculate the remainder when f(2) is divided by (-1 + 0 + 4)*4.
10
Let y = 435 + -157. Calculate the remainder when y is divided by 14.
12
Suppose -4 - 5 = -p. Suppose 0 = -4*k - k + 20. Suppose -4*f = -8*f + 20, -3*f = k*s - 83. Calculate the remainder when s is divided by p.
8
Suppose 2*x + 245 = -5*g, -x - 2*x = 0. Suppose l = -4*s - 280, 0*s + 3*l = -s - 59. Let a = g - s. What is the remainder when 41 is divided by a?
19
Suppose 4*k = -2*q + 494, 3 = -2*q - 3. Let y = -77 + k. What is the remainder when y is divided by 18?
12
Let n = -146 + 84. Let f be 1/(1 + 14/(-12)). What is the remainder when 91 is divided by (3/f - 0)*n?
29
Let b = -43 + 19. What is the remainder when 27 is divided by (-8)/(-2) - (b + 13)?
12
Suppose -165 = -5*b + 5*y, -4*b = -2*y - 176 + 36. Let o = 47 - -98. What is the remainder when o is divided by b?
34
Let i(u) = u**2 - u - 23. Calculate the remainder when i(11) is divided by 47.
40
Let f = 63 + -53. Let t = 36 - 18. Calculate the remainder when t is divided by f.
8
Suppose -126 = -4*t + 18. What is the remainder when 104 is divided by t?
32
Let s = -10 + 17. Let a be (4/14 + 0)*s. Calculate the remainder when 8 is divided by a/(-2)*(-6 + 3).
2
Suppose 2*n + 2*y + 1 = n, 5*n + 2*y - 27 = 0. What is the remainder when 93 is divided by n?
2
Let j be (-1)/((-1)/7*1). Suppose -3*y = -j*y - 80. What is the remainder when 5 is divided by (-6)/(-2)*y/(-15)?
1
Let f = -154 + 245. Let d be 1/4 + 5514/24. Calculate the remainder when f is divided by 3/(-2)*d/(-15).
22
Suppose 15 + 7 = 11*w. Suppose w*c = -2*c + 184. Calculate the remainder when c is divided by 8.
6
Let w(r) = -8*r**2 - 6*r + 2. Let t(p) = -p**2 - p. Let f(x) = 5*t(x) - w(x). Let a = 19 + -15. Calculate the remainder when f(a) is divided by 13.
11
Let f be -6*-2*(-5)/20. Calculate the remainder when (-2)/f*(14 + 142) is divided by 28.
20
Let u be (-2 - (-1